{"id":322,"date":"2021-04-23T18:27:33","date_gmt":"2021-04-23T18:27:33","guid":{"rendered":"https:\/\/tkd.samil.cz\/?page_id=322"},"modified":"2022-11-22T22:47:13","modified_gmt":"2022-11-22T22:47:13","slug":"kompozice","status":"publish","type":"page","link":"https:\/\/samil.cz\/tkd\/?page_id=322","title":{"rendered":"Kompozice"},"content":{"rendered":"<h1>Kompozice taekwondo (Taekwondo kusong)<\/h1>\n<div>\n<ol>\n<li>Z\u00e1kladn\u00ed pohyby &#8211; kibon rjonsup<\/li>\n<li>Vzory &#8211; tul<\/li>\n<li>Sparring &#8211; matsogi<\/li>\n<li>Sebeobrana &#8211; ho\u0161insul<\/li>\n<li>Tr\u00e9nink &#8211; dalljon<\/li>\n<\/ol>\n<\/div>\n<p><a href=\"https:\/\/tkd.samil.cz\/?page_id=324\"><em>podrobn\u011b &#8230;<\/em><\/a><\/p>\n","protected":false},"excerpt":{"rendered":"<p>Kompozice taekwondo (Taekwondo kusong) Z\u00e1kladn\u00ed pohyby &#8211; kibon rjonsup Vzory &#8211; tul Sparring &#8211; matsogi Sebeobrana &#8211; ho\u0161insul Tr\u00e9nink &#8211; dalljon podrobn\u011b &#8230;<\/p>\n","protected":false},"author":1,"featured_media":0,"parent":1554,"menu_order":0,"comment_status":"closed","ping_status":"closed","template":"","meta":{"ngg_post_thumbnail":0,"footnotes":""},"class_list":["post-322","page","type-page","status-publish","hentry"],"_links":{"self":[{"href":"https:\/\/samil.cz\/tkd\/index.php?rest_route=\/wp\/v2\/pages\/322","targetHints":{"allow":["GET"]}}],"collection":[{"href":"https:\/\/samil.cz\/tkd\/index.php?rest_route=\/wp\/v2\/pages"}],"about":[{"href":"https:\/\/samil.cz\/tkd\/index.php?rest_route=\/wp\/v2\/types\/page"}],"author":[{"embeddable":true,"href":"https:\/\/samil.cz\/tkd\/index.php?rest_route=\/wp\/v2\/users\/1"}],"replies":[{"embeddable":true,"href":"https:\/\/samil.cz\/tkd\/index.php?rest_route=%2Fwp%2Fv2%2Fcomments&post=322"}],"version-history":[{"count":2,"href":"https:\/\/samil.cz\/tkd\/index.php?rest_route=\/wp\/v2\/pages\/322\/revisions"}],"predecessor-version":[{"id":342,"href":"https:\/\/samil.cz\/tkd\/index.php?rest_route=\/wp\/v2\/pages\/322\/revisions\/342"}],"up":[{"embeddable":true,"href":"https:\/\/samil.cz\/tkd\/index.php?rest_route=\/wp\/v2\/pages\/1554"}],"wp:attachment":[{"href":"https:\/\/samil.cz\/tkd\/index.php?rest_route=%2Fwp%2Fv2%2Fmedia&parent=322"}],"curies":[{"name":"wp","href":"https:\/\/api.w.org\/{rel}","templated":true}]}}