{"id":315,"date":"2021-04-23T18:19:38","date_gmt":"2021-04-23T18:19:38","guid":{"rendered":"https:\/\/tkd.samil.cz\/?page_id=315"},"modified":"2022-11-22T22:34:08","modified_gmt":"2022-11-22T22:34:08","slug":"definice-tkd","status":"publish","type":"page","link":"https:\/\/samil.cz\/tkd\/?page_id=315","title":{"rendered":"Definice"},"content":{"rendered":"<h1><span style=\"font-size: 24px; font-weight: bold;\">Definice taekwondo podle gen. Choi Hong-hi, zakladatele modern\u00edho taekwondo<\/span><\/h1>\n<div>\n<p>\u201cTaekwondo &#8230;..cesta (zp\u016fsob) \u017eivota&#8230;<\/p>\n<p>Jednodu\u0161e \u0159e\u010deno, taekwondo je druh neozbrojen\u00e9ho boje ur\u010den\u00e9ho pro \u00fa\u010del sebeobrany. Av\u0161ak ve skute\u010dnosti je to mnohem v\u00edce: Je to v\u011bdeck\u00e9 vyu\u017eit\u00ed lidsk\u00e9ho t\u011bla p\u0159i sebeobran\u011b. T\u011bla, je\u017e se nau\u010d\u00ed do maxima vyu\u017e\u00edt sv\u00fdch schopnost\u00ed d\u00edky intenzivn\u00edmu t\u011blesn\u00e9mu a du\u0161evn\u00edmu v\u00fdcviku. Je to bojov\u00e9 um\u011bn\u00ed, je\u017e nem\u00e1 obdoby ani v\u00a0s\u00edle, ani v\u00a0technice. Jeho discipl\u00edna, techniky a du\u0161evn\u00ed v\u00fdcvik jsou z\u00e1kladem pro budov\u00e1n\u00ed siln\u00e9ho smyslu pro spravedlnost, odvahu, lidskost a odhodl\u00e1n\u00ed. Dosa\u017een\u00ed tohoto stavu odd\u011bluje prav\u00e9 zast\u00e1nce tohoto um\u011bn\u00ed od lid\u00ed, kte\u0159\u00ed se hon\u00ed za senzac\u00ed a kte\u0159\u00ed se spokoj\u00ed pouze se zvl\u00e1dnut\u00edm bojov\u00fdch hledisek tohoto um\u011bn\u00ed.<\/p>\n<p>To je jeden z\u00a0d\u016fvod\u016f, pro\u010d je taekwondo naz\u00fdv\u00e1no um\u011bn\u00edm sebeobrany a nikoliv bojov\u00fdm sportem. Zahrnuje v\u00a0sob\u011b tak\u00e9 zp\u016fsob my\u0161len\u00ed a \u017eivota zvl\u00e1\u0161t\u011b d\u00edky v\u0161t\u011bpov\u00e1n\u00ed si z\u00e1sad p\u0159\u00edsn\u00e9 sebediscipl\u00edny a vzne\u0161en\u00e9ho mor\u00e1ln\u00edho ide\u00e1lu\u2026..<\/p>\n<p>Tak\u017ee souhrnn\u011b znamen\u00e1 taekwondo du\u0161evn\u00ed v\u00fdcvik a techniky neozbrojen\u00e9ho boje pro sebeobranu i pro zdrav\u00ed. Zahrnuje efektivn\u00ed pou\u017e\u00edv\u00e1n\u00ed \u00fader\u016f, kop\u016f, blok\u016f holou rukou a nohou pro dosa\u017een\u00ed rychl\u00e9ho zne\u0161kodn\u011bn\u00ed protivn\u00edka nebo protivn\u00edk\u016f. Taekwondo kone\u010dn\u011b umo\u017e\u0148uje slab\u00e9mu vlastnit silnou zbra\u0148 a sebed\u016fv\u011bru, s\u00a0jejich\u017e pomoc\u00ed se m\u016f\u017ee br\u00e1nit a porazit sv\u00e9ho protivn\u00edka.<\/p>\n<p>Samoz\u0159ejm\u011b, nespr\u00e1vn\u011b pou\u017eit\u00e9 m\u016f\u017ee b\u00fdt taekwondo smrtelnou zbran\u00ed. Proto mus\u00ed b\u00fdt v\u017edy kladen d\u016fraz na du\u0161evn\u00ed v\u00fdcvik, aby se p\u0159ede\u0161lo jeho zneu\u017eit\u00ed ze strany jeho student\u016f.\u201d<\/p>\n<\/div>\n<div>\n<h2>Co znamen\u00e1 slovo \u201etaekwondo\u201c<\/h2>\n<p>Skl\u00e1d\u00e1 se ze t\u0159\u00ed \u010d\u00e1st\u00ed a to: \u201etae\u201c,\u201ekwon\u201c a \u201edo\u201c. Prvn\u00ed \u010d\u00e1st \u201etae\u201c zn\u00e1zor\u0148uje v\u0161echny techniky, kter\u00e9 se prov\u00e1d\u011bj\u00ed nohou, druh\u00e1 \u010d\u00e1st \u201ekwon\u201c naopak zastupuje v\u0161echny techniky a pr\u00e1ci rukama. Posledn\u00ed \u010d\u00e1st \u201edo\u201c symbolizuje cestu mezi t\u011blesnou a du\u0161evn\u00ed str\u00e1nkou \u010dlov\u011bka a zn\u00e1zor\u0148uje tak opravdov\u00e9 um\u011bn\u00ed taekwondo.<\/p>\n<\/div>\n","protected":false},"excerpt":{"rendered":"<p>Definice taekwondo podle gen. Choi Hong-hi, zakladatele modern\u00edho taekwondo \u201cTaekwondo &#8230;..cesta (zp\u016fsob) \u017eivota&#8230; Jednodu\u0161e \u0159e\u010deno, taekwondo je druh neozbrojen\u00e9ho boje ur\u010den\u00e9ho pro \u00fa\u010del sebeobrany. Av\u0161ak ve skute\u010dnosti je to mnohem v\u00edce: Je to v\u011bdeck\u00e9 vyu\u017eit\u00ed lidsk\u00e9ho t\u011bla p\u0159i sebeobran\u011b. T\u011bla, <a class=\"more-link\" href=\"https:\/\/samil.cz\/tkd\/?page_id=315\">Cel\u00fd \u010dl\u00e1nek  <span class=\"screen-reader-text\">  Definice<\/span><span class=\"meta-nav\">&rarr;<\/span><\/a><\/p>\n","protected":false},"author":1,"featured_media":0,"parent":1554,"menu_order":0,"comment_status":"closed","ping_status":"closed","template":"","meta":{"ngg_post_thumbnail":0,"footnotes":""},"class_list":["post-315","page","type-page","status-publish","hentry"],"_links":{"self":[{"href":"https:\/\/samil.cz\/tkd\/index.php?rest_route=\/wp\/v2\/pages\/315","targetHints":{"allow":["GET"]}}],"collection":[{"href":"https:\/\/samil.cz\/tkd\/index.php?rest_route=\/wp\/v2\/pages"}],"about":[{"href":"https:\/\/samil.cz\/tkd\/index.php?rest_route=\/wp\/v2\/types\/page"}],"author":[{"embeddable":true,"href":"https:\/\/samil.cz\/tkd\/index.php?rest_route=\/wp\/v2\/users\/1"}],"replies":[{"embeddable":true,"href":"https:\/\/samil.cz\/tkd\/index.php?rest_route=%2Fwp%2Fv2%2Fcomments&post=315"}],"version-history":[{"count":2,"href":"https:\/\/samil.cz\/tkd\/index.php?rest_route=\/wp\/v2\/pages\/315\/revisions"}],"predecessor-version":[{"id":319,"href":"https:\/\/samil.cz\/tkd\/index.php?rest_route=\/wp\/v2\/pages\/315\/revisions\/319"}],"up":[{"embeddable":true,"href":"https:\/\/samil.cz\/tkd\/index.php?rest_route=\/wp\/v2\/pages\/1554"}],"wp:attachment":[{"href":"https:\/\/samil.cz\/tkd\/index.php?rest_route=%2Fwp%2Fv2%2Fmedia&parent=315"}],"curies":[{"name":"wp","href":"https:\/\/api.w.org\/{rel}","templated":true}]}}